the highest common divisor of 249440 and 9760?
160
Calculate the greatest common factor of 5676 and 91476308.
1892
Calculate the greatest common divisor of 2088 and 2628144.
72
Calculate the highest common factor of 771552 and 78678.
2538
What is the greatest common divisor of 826227 and 1700379?
1917
What is the greatest common divisor of 15597460 and 2220?
20
Calculate the highest common factor of 60 and 9944775.
15
What is the greatest common factor of 5765775 and 2260705?
6515
What is the greatest common factor of 245834 and 3969854?
2434
What is the greatest common factor of 43772 and 1933028?
1412
What is the greatest common factor of 68517 and 13662?
207
Calculate the greatest common factor of 7797 and 5429679.
69
What is the highest common factor of 110888 and 199200?
664
Calculate the highest common factor of 1378030 and 10.
10
Calculate the greatest common divisor of 45296 and 161576.
152
Calculate the highest common divisor of 312369454 and 3048.
254
What is the highest common divisor of 3575 and 13772?
11
Calculate the highest common divisor of 585 and 4869.
9
Calculate the highest common factor of 58881050 and 1225.
25
Calculate the greatest common divisor of 165 and 3462750.
15
Calculate the greatest common factor of 390139 and 310632.
1849
What is the greatest common divisor of 86 and 47424743?
43
What is the highest common factor of 9231 and 217719?
51
What is the greatest common factor of 89028060 and 990?
330
What is the greatest common divisor of 11163 and 404064?
183
What is the highest common divisor of 3246608 and 1073?
29
What is the highest common factor of 79750 and 92510?
3190
Calculate the highest common divisor of 2408 and 1887571.
301
Calculate the greatest common factor of 5317 and 41015.
13
Calculate the highest common divisor of 1248487 and 136517.
211
Calculate the greatest common factor of 79772 and 124663.
77
Calculate the greatest common factor of 1495067 and 3827.
43
What is the highest common factor of 5094510 and 9?
3
What is the greatest common factor of 293660 and 560?
20
What is the highest common factor of 3877906 and 584?
146
Calculate the highest common divisor of 554323 and 113932.
2191
What is the highest common factor of 70841577 and 261?
87
Calculate the greatest common factor of 1081901070 and 45.
45
What is the highest common divisor of 383908 and 2002?
14
Calculate the highest common divisor of 140958 and 47868.
6
What is the highest common divisor of 5480 and 1430488240?
5480
What is the highest common factor of 62 and 12793514?
62
Calculate the highest common divisor of 9 and 2520279.
9
Calculate the highest common divisor of 3798 and 256019382.
3798
What is the highest common divisor of 534 and 298172784?
534
What is the greatest common factor of 1818 and 657945?
9
Calculate the highest common factor of 12740 and 1173380.
260
What is the greatest common divisor of 897 and 289146?
39
What is the highest common factor of 2078 and 231216982?
2078
What is the greatest common divisor of 305 and 3807607495?
305
Calculate the greatest common factor of 228 and 26719344.
12
Calculate the greatest common factor of 3756 and 184357.
313
Calculate the greatest common divisor of 638 and 4542626.
22
What is the greatest common divisor of 455640 and 5340?
60
Calculate the highest common factor of 76052624 and 16.
16
What is the greatest common divisor of 435320 and 1040?
40
What is the greatest common factor of 256905 and 2728?
11
What is the highest common factor of 170 and 3005?
5
What is the greatest common factor of 171899 and 11102?
91
Calculate the highest common divisor of 2655000 and 122400.
1800
What is the greatest common factor of 471471 and 438438?
3003
Calculate the highest common divisor of 153321324 and 2418.
78
What is the greatest common divisor of 8739 and 1333611?
9
Calculate the highest common divisor of 320428 and 2098.
2
Calculate the greatest common divisor of 17473 and 113019.
101
Calculate the highest common divisor of 270894 and 42780.
138
Calculate the highest common divisor of 22 and 79950706.
22
Calculate the highest common divisor of 1716 and 21650967.
39
Calculate the greatest common divisor of 1962808 and 1712.
856
What is the greatest common factor of 425 and 2954233225?
425
What is the greatest common factor of 14909400 and 198?
198
What is the highest common factor of 50997392 and 2454?
818
Calculate the greatest common divisor of 744310 and 177506.
434
Calculate the highest common factor of 763 and 151793509.
763
What is the highest common factor of 11710259 and 77?
11
Calculate the highest common factor of 3138 and 317237156.
1046
Calculate the highest common divisor of 548878 and 34038.
122
What is the highest common divisor of 23462854 and 9962?
586
What is the greatest common divisor of 9210 and 155615844?
1842
Calculate the greatest common divisor of 20348823 and 528.
33
Calculate the highest common divisor of 4029 and 1540948.
17
Calculate the highest common divisor of 1454 and 115646798.
1454
What is the highest common factor of 694082 and 50?
2
What is the greatest common divisor of 36068 and 233448?
284
Calculate the highest common factor of 1422704 and 656.
16
What is the greatest common factor of 1208 and 17760016?
1208
Calculate the highest common factor of 34883345 and 245.
245
What is the greatest common divisor of 12974219 and 12067?
1097
What is the greatest common factor of 36499795 and 195?
5
Calculate the greatest common divisor of 469531 and 664.
83
Calculate the highest common factor of 86933962 and 1858.
1858
Calculate the greatest common divisor of 28 and 188899718.
14
Calculate the highest common factor of 29 and 4562309.
29
Calculate the highest common divisor of 270 and 10460115.
45
What is the highest common divisor of 20 and 71752820?
20
What is the greatest common factor of 833059 and 145573?
149
What is the highest common divisor of 4790 and 14600?
10
What is the greatest common factor of 20646 and 17359956?
666
Calculate the highest common factor of 2268100 and 196100.
3700
Calculate the highest common factor of 1007616875 and 1730.
865
Calculate the greatest common divisor of 99225264 and 191.
191
What is the greatest common factor of 2176995 and 105?
15
Calculate the greatest common divisor of 723572 and 5180.
148
Calculate the greatest common factor of 378 and 30667869.
27
Calculate the highest common divisor of 20 and 147280660.
20
What is the greatest common divisor of 114814 and 3519173?
413
What is the greatest common divisor of 10664 and 572601?
31
Calculate the greatest common divisor of 18392 and 287812.
76
Calculate the highest common factor of 42 and 33638864.
14
What is the highest common divisor of 39672 and 2630880?
2088
Calculate the greatest common divisor of 416238 and 4122.
6
Calculate the greatest common factor of 4790941 and 89292.
1063
What is the highest common factor of 77600 and 17997380?
1940
What is the greatest common factor of 132219419 and 3261?
1087
Calculate the greatest common divisor of 1965115 and 32635.
305
What is the highest common divisor of 274320 and 881280?
2160
Calculate the highest common factor of 3096987 and 3.
3
Calculate the greatest common factor of 3626 and 2697152.
74
Calculate the greatest common divisor of 2065810 and 2000.
10
Calculate the highest common factor of 83664152 and 10296.
1144
What is the highest common factor of 9485926 and 1790?
358
What is the highest common divisor of 25220022 and 764?
382
What is the greatest common factor of 45 and 91370100?
15
Calculate the greatest common factor of 625244 and 13266.
134
What is the greatest common divisor of 1830 and 897066?
366
What is the highest common divisor of 1767 and 31448667?
57
What is the highest common divisor of 111244 and 79982?
406
Calculate the highest common divisor of 871668 and 62694.
54
Calculate the greatest common divisor of 448914 and 1122.
6
What is the greatest common divisor of 2149 and 2262253?
7
What is the greatest common factor of 108191011 and 46?
23
What is the greatest common divisor of 8555924 and 427556?
4804
What is the highest common factor of 33468996 and 528?
132
Calculate the greatest common factor of 1050 and 18613938.
42
Calculate the highest common factor of 128 and 299749696.
64
What i